ivide 22871277?
True
Is 649134936 a multiple of 51?
True
Is 53168212 a multiple of 2335?
False
Does 26 divide 23007556?
True
Is 28 a factor of 38490032?
True
Is 77722055 a multiple of 723?
False
Does 27 divide 583836619?
False
Is 53819645 a multiple of 7?
False
Does 25 divide 22087850?
True
Is 30203423 a multiple of 846?
False
Is 1928586648 a multiple of 10?
False
Is 437 a factor of 14081210?
False
Is 756 a factor of 287309484?
True
Is 323 a factor of 2201582212?
True
Does 29 divide 2218630478?
False
Is 2 a factor of 236256858?
True
Does 465 divide 640956465?
True
Is 203 a factor of 4561317?
False
Does 357 divide 17094588?
True
Is 282 a factor of 672404021?
False
Is 6164544 a multiple of 1164?
True
Is 77 a factor of 123847284?
False
Does 1971 divide 26586819?
True
Is 45 a factor of 30171105?
True
Is 97048256 a multiple of 5?
False
Is 124 a factor of 29985451?
False
Is 17347374 a multiple of 66?
True
Is 15735 a multiple of 144?
False
Does 10 divide 138139171?
False
Is 320256176 a multiple of 5?
False
Is 17 a factor of 587416606?
True
Is 14 a factor of 28942659?
False
Does 1774 divide 167033463?
False
Is 45764656 a multiple of 16?
True
Is 3342156204 a multiple of 765?
False
Does 94 divide 1923653124?
False
Is 24 a factor of 20443224?
True
Does 2705 divide 620976030?
True
Is 29139536 a multiple of 227?
True
Is 14318106 a multiple of 27?
False
Is 167 a factor of 38614742?
True
Is 1886 a factor of 71341722?
True
Does 24 divide 6180672?
True
Is 11180 a factor of 1320581600?
True
Does 426 divide 1058422560?
True
Does 12 divide 37685160?
True
Is 2 a factor of 4650876?
True
Does 2000 divide 276184000?
True
Is 8742 a factor of 150257496?
True
Is 455292990 a multiple of 58?
False
Is 2889 a factor of 7317837?
True
Is 62 a factor of 537019324?
True
Is 101 a factor of 1312519297?
False
Does 3 divide 22137978?
True
Does 3 divide 10429121?
False
Does 41 divide 247746231?
True
Is 4562106165 a multiple of 669?
False
Does 2579 divide 102080551?
False
Does 10 divide 608136290?
True
Does 271 divide 10328894?
True
Does 10 divide 3445079660?
True
Is 1110 a factor of 1066475246?
False
Is 978499758 a multiple of 137?
True
Does 386 divide 394074789?
False
Is 30067002 a multiple of 14?
True
Is 20 a factor of 565100040?
True
Is 11 a factor of 77091625?
False
Is 689 a factor of 62779980?
False
Is 315 a factor of 1120032270?
True
Does 236 divide 53108968?
True
Does 722 divide 30576648?
False
Is 151188846 a multiple of 10?
False
Does 5 divide 799965?
True
Is 11808 a factor of 1409627232?
True
Does 949 divide 324370098?
True
Does 393 divide 38379812?
False
Does 7100 divide 593439300?
True
Is 28 a factor of 112988652?
True
Does 1026 divide 1007240134?
False
Is 29427269 a multiple of 197?
True
Is 1762 a factor of 149177943?
False
Does 109 divide 23022762?
True
Is 24 a factor of 1384451046?
False
Is 100131005 even?
False
Is 32269302 a multiple of 273?
False
Is 1119 a factor of 1902061874?
False
Is 474480611 a multiple of 49?
False
Does 648 divide 3758581?
False
Does 82 divide 62534004?
False
Is 1188 a factor of 1345294073?
False
Is 19 a factor of 16490556?
True
Is 361 a factor of 108661?
True
Is 23 a factor of 6147261?
False
Is 17 a factor of 83560902?
False
Does 99 divide 17143533?
True
Is 22326990 a multiple of 6?
True
Is 2698023 a multiple of 3?
True
Does 182 divide 16778826?
False
Does 158 divide 512210563?
False
Is 15294642 a multiple of 9?
False
Is 872 a factor of 30465936?
True
Is 12084646 a multiple of 38?
True
Is 113774885 a multiple of 14?
False
Is 97 a factor of 6901841?
True
Does 8163 divide 194078508?
False
Is 1823 a factor of 390280601?
True
Is 183 a factor of 33523805?
False
Is 233 a factor of 4616895?
True
Is 349 a factor of 119295855?
False
Is 42 a factor of 82091058?
True
Does 196 divide 220744631?
False
Is 708 a factor of 1148259180?
True
Is 8134960 a multiple of 2?
True
Is 1324 a factor of 102966156?
True
Is 297 a factor of 28631480?
False
Does 854 divide 191707103?
False
Is 3619 a factor of 114411066?
True
Does 10240 divide 2267904000?
True
Is 297 a factor of 1392781203?
True
Does 6 divide 57348880?
False
Does 3820 divide 97848379?
False
Does 151 divide 443642460?
False
Is 3443656242 a multiple of 42?
False
Is 78 a factor of 11890743?
False
Is 137145980 a multiple of 11?
False
Is 31 a factor of 183263857?
False
Is 134730639 a multiple of 77?
False
Does 122 divide 140974619?
False
Is 152823083 a multiple of 154?
False
Is 542451624 a multiple of 358?
True
Is 29 a factor of 23670931?
True
Does 1582 divide 61860301?
False
Does 1152 divide 223743744?
True
Is 10064703 a multiple of 3?
True
Is 7 a factor of 78848?
True
Does 330 divide 118567020?
True
Does 2888 divide 95953800?
True
Is 39134316 a multiple of 23?
True
Is 190 a factor of 9975949?
False
Does 5 divide 3004832920?
True
Is 65523112 a multiple of 128?
False
Is 1522 a factor of 797655388?
False
Does 655 divide 92362600?
False
Does 67 divide 477712479?
True
Is 195024610 a multiple of 10?
True
Does 295 divide 89307710?
True
Is 182425547 a multiple of 342?
False
Does 4 divide 16075568?
True
Is 968478 a multiple of 25?
False
Is 506 a factor of 191583967?
False
Is 1083769849 a multiple of 17?
False
Is 1151584088 a multiple of 11?
False
Is 156764947 a multiple of 4189?
True
Is 38 a factor of 22328078?
True
Does 523 divide 1755007056?
False
Is 234 a factor of 84314646?
True
Does 52 divide 4357490422?
False
Is 1494059580 a multiple of 7930?
True
Does 84 divide 88956084?
True
Does 146 divide 73341351?
False
Does 487 divide 13890214?
True
Does 22 divide 69473639?
False
Is 9 a factor of 22267186?
False
Is 854 a factor of 526308244?
True
Is 8811924 a multiple of 1446?
True
Does 337 divide 275145080?
False
Is 89173705 a multiple of 2?
False
Is 2442 a factor of 3016178?
False
Is 162146124 a multiple of 81?
True
Is 1247 a factor of 52497453?
True
Is 1783 a factor of 60283230?
True
Does 78 divide 2759162?
False
Does 15 divide 695556?
False
Does 925 divide 20228481?
False
Is 6 a factor of 1773930?
True
Does 45 divide 126858735?
True
Is 7 a factor of 8899821?
True
Does 7 divide 194966198?
True
Is 4613700 a multiple of 105?
True
Is 26 a factor of 88722972?
True
Is 393726695 a multiple of 149?
False
Is 311911683 a multiple of 2?
False
Is 35 a factor of 418000975?
True
Is 15 a factor of 3551546?
False
Is 568 a factor of 166059912?
True
Does 421 divide 16012735?
True
Is 144 a factor of 34442032?
False
Is 1581534806 a multiple of 19?
True
Is 78387684 a multiple of 1456?
False
Is 32 a factor of 19815764?
False
Is 52 a factor of 339178060?
True
Is 988796403 a multiple of 189?
True
Does 1550 divide 466880715?
False
Does 10 divide 463652680?
True
Is 1561 a factor of 429355301?
False
Is 83 a factor of 18807579?
False
Does 275 divide 45920600?
True
Is 1358 a factor of 1574678406?
True
Is 685 a factor of 107676487?
False
Is 143 a factor of 5704665?
False
Does 155 divide 871100?
True
Is 139181010 a multiple of 62?
True
Does 1493 divide 6334799?
True
Is 39 a factor of 19651703?
False
Does 33 divide 54300867?
False
Does 309 divide 35839983?
True
Is 238749509 a multiple of 65?
False
Does 707 divide 3689126?
True
Is 411987299 a multiple of 44?
False
Is 38 a factor of 1133497668?
True
Is 81954990 a multiple of 1161?
True
Does 13 divide 276864468?
False
Does 1086 divide 101855896?
False
Is 3700767648 a multiple of 9993?
True
Is 22568772 a multiple of 5988?
True
Is 4353072 a multiple of 92?
True
Does 67 divide 24906714?
True
Does 155 divide 20947785?
True
Is 216 a factor of 119201149?
False
Does 98 divide 1192954?
True
Is 77 a factor of 57904308?
True
Is 870166692 a multiple of 2526?
False
Does 315 divide 196133360?
False
Is 2166694 even?
True
Is 41269300 a multiple of 89?
True
Is 1671 a factor of 27441053?
False
Does 12 divide 20864453?
False
Does 80 divide 105381210?
False
Is 2220 a factor of 701780757?
False
Is 15 a factor of 86451152?
False
Does 1592 divide 1263880346?
False
Is 314461 a multiple of 7?
True
Does 115 divide 97109910?
True
Is 4451621617 a multiple of 121?
False
Is 353 a factor of 573593583?
True
Is 140908860 a multiple of 10?
True
Is 1406465072 a multiple of 17?
False
Is 14851419 a multiple of 96?
False
Does 607 divide 157108596?
True
Does 14 divide 47482719?
False
Does 2137 divide 44019861?
False
Does 116 divide 1092034